{"id":7399,"date":"2025-10-17T13:07:43","date_gmt":"2025-10-17T13:07:43","guid":{"rendered":"https:\/\/fjarno.org\/aula-docent\/"},"modified":"2025-10-29T14:35:25","modified_gmt":"2025-10-29T14:35:25","slug":"aula-docent","status":"publish","type":"page","link":"https:\/\/fjarno.org\/ca\/aula-docent\/","title":{"rendered":"Aula docent"},"content":{"rendered":"\n<p>Les t\u00e8cniques de diagn\u00f2stic preco\u00e7 utilitzades a la UDETMA (Unitat de Detecci\u00f3 i Tractament de Malalties Aterotromb\u00f2tiques amb la qual treballem els projectes de recerca i els de doc\u00e8ncia), tenen una immensa utilitat en la detecci\u00f3 de possibles patologies, especialment les vasculars.<\/p>\n\n<p>L&#8217;inter\u00e8s mostrat per especialistes de diferents hospitals, centres i serveis del pa\u00eds i de l&#8217;estranger per con\u00e8ixer el maneig d&#8217;aquestes eines diagn\u00f2stiques, ens va impulsar a crear un nou departament que possibilit\u00e9s aquesta tasca docent tant a Lleida, instal\u00b7lacions UDETMA i facultat de medicina de la Universitat de Lleida, com en diferents centres hospitalaris i entitats de tot el pa\u00eds. A trav\u00e9s de cursos i tallers, acreditats pel Consell Catal\u00e0 de Formaci\u00f3 Continuada de les Professions Sanit\u00e0ries (CCFCPS) \u2013Comissi\u00f3 de Formaci\u00f3 Continuada del Sistema Nacional de Salut (CFC)-, molts especialistes s&#8217;estan beneficiant de l&#8217;aprenentatge d&#8217;aquestes t\u00e8cniques. <\/p>\n\n<p><strong>CURSOS I TALLERS REALITZATS<\/strong><\/p>\n\n<p><strong>Per\u00edode 2012<\/strong><\/p>\n\n<p>Curs de Captura d&#8217;imatges. Ecografia art\u00e8ries car\u00f2tides i femorals <\/p>\n\n<p>Lleida 15-17 octubre<\/p>\n\n<p>Curs Te\u00f2ric-Pr\u00e0ctic sobre calcificaci\u00f3 vascular en el pacient renal<\/p>\n\n<p>Lleida, 26-27 abril, 7 maig, 17-18 maig, 14-15 juny, Ourense 1-2 juny; Sevilla 8-9<\/p>\n\n<p>juny; Bilbao 25 juny; Alacant 27 juny; Val\u00e8ncia 28 juny; M\u00e0laga 5 juliol; Val\u00e8ncia 12 juny, 12 setembre.<\/p>\n\n<p>Curs de diagn\u00f2stic preco\u00e7 de malaltia aterotromb\u00f2tica per a especialistes en Medicina Interna<\/p>\n\n<p>Lleida 12 juny; Las Palmas de Gran Can\u00e0ria 15 setembre; Madrid 22 setembre; M\u00e0laga 20 octubre.<\/p>\n\n<p>Col\u00b7laboraci\u00f3 Curs Experts Medicina Vascular i Imatge<\/p>\n\n<p>Universitat de Lleida, curs 2011-2012.<\/p>\n\n<p>Curs de Formaci\u00f3 en Consulta d&#8217;Infermeria en Salut Vascular en l&#8217;Assist\u00e8ncia Prim\u00e0ria<\/p>\n\n<p>Lleida, inici 19 desembre.<\/p>\n\n<p><strong>Per\u00edode 2013<\/strong><\/p>\n\n<p>Curs Te\u00f2ric-Pr\u00e0ctic sobre Calcificaci\u00f3 Vascular en el pacient renal dirigit a professionals sanitaris<\/p>\n\n<p>Lleida, mar\u00e7.<\/p>\n\n<p>Curs Te\u00f2ric-Pr\u00e0ctic sobre Calcificaci\u00f3 Vascular en el pacient renal 2013<\/p>\n\n<p>Lleida, 22 de maig; 27 de juny; 8 de juliol; 20 de setembre i 22 d&#8217;octubre<\/p>\n\n<p>Programa de Diagn\u00f2stic Preco\u00e7 de malaltia aterotromb\u00f2tica per a especialistes en medicina interna<\/p>\n\n<p>Lleida, 30 de maig; M\u00e0laga, 6 de juliol; Cadis, 9 de setembre; Badajoz, 14 de setembre; Granada, 18 d&#8217;octubre; Sevilla, 19 d&#8217;octubre; Las Palmas de Gran Can\u00e0ria, 26 d&#8217;octubre i M\u00farcia, 9 de novembre.<\/p>\n\n<p>Col\u00b7laboraci\u00f3 Curs Experts Medicina Vascular i Imatge<\/p>\n\n<p>Universitat de Lleida, curs 2012-2013.<\/p>\n\n<p><strong>Per\u00edode 2014<\/strong><\/p>\n\n<p>Curs Te\u00f2ric-Pr\u00e0ctic sobre complicacions vasculars en el pacient renal.<\/p>\n\n<p>Lleida 6 i 7 de febrer i Madrid, 23 de maig.<\/p>\n\n<p>Programa de Diagn\u00f2stic Preco\u00e7 de malaltia aterotromb\u00f2tica 2014<\/p>\n\n<p>Granada, 15 de mar\u00e7; Madrid 29 de mar\u00e7 i 24 de maig; Pamplona, 26 d&#8217;abril; Santa Cruz de Tenerife, 17 de maig; Val\u00e8ncia, 7 de juny; Lleida, 13 de juny; Santiago de Compostel\u00b7la, 18 d&#8217;octubre; M\u00e8rida, 25 d&#8217;octubre; M\u00farcia, 8 de novembre;<\/p>\n\n<p>Curs Te\u00f2ric-Pr\u00e0ctic sobre Calcificaci\u00f3 Vascular en el pacient renal 2014<\/p>\n\n<p>M\u00e0laga, 27 de juny; Santiago de Compostel\u00b7la, 17 d&#8217;octubre; Val\u00e8ncia, 13 de novembre; Bilbao, 24 de novembre.<\/p>\n\n<p>Col\u00b7laboraci\u00f3 Curs Experts Medicina Vascular i Imatge<\/p>\n\n<p>Universitat de Lleida, curs 2013-2014.<\/p>\n\n<p><strong>Per\u00edode 2015<\/strong><\/p>\n\n<p>Col\u00b7laboraci\u00f3 Curs Experts Medicina Vascular i Imatge<\/p>\n\n<p>Universitat de Lleida, curs 2014-2015.<\/p>\n\n<p>Taller te\u00f2ric-pr\u00e0ctic de diagn\u00f2stic preco\u00e7 de malaltia aterotromb\u00f2tica i calcificacions vasculars<\/p>\n\n<p>Las Palmas de Gran Can\u00e0ria, 23 de maig; M\u00e0laga, 6 de juny; Cadis, 13 de juny; C\u00f2rdova, 20 de juny; Madrid, 17 d&#8217;octubre; Pamplona, 24 d&#8217;octubre; M\u00farcia 7 de novembre; Sevilla i 14 de novembre.<\/p>\n\n<p><strong>Per\u00edode 2016<\/strong><\/p>\n\n<p>Taller de calcificacions vasculars<\/p>\n\n<p>Madrid, 27 de febrer.<\/p>\n\n<p>Curs te\u00f2ric-pr\u00e0ctic de diagn\u00f2stic preco\u00e7 de malaltia ateromatosa en pacients amb VIH<\/p>\n\n<p>Lleida, 11 de mar\u00e7; Madrid, 8 i 22 d&#8217;abril i 6 de maig.<\/p>\n\n<iframe loading=\"lazy\" width=\"100%\" height=\"415\" src=\"https:\/\/www.youtube.com\/embed\/er_EtYbXtoU?si=sss0k1fIahDihXEM\" title=\"Reproductor de v\u00eddeo de YouTube\" frameborder=\"0\" allow=\"accelerometer; autoplay; clipboard-write; encrypted-media; gyroscope; picture-in-picture; web-share\" referrerpolicy=\"strict-origin-when-cross-origin\" allowfullscreen=\"\"><\/iframe>\n","protected":false},"excerpt":{"rendered":"<p>Les t\u00e8cniques de diagn\u00f2stic preco\u00e7 utilitzades a la UDETMA (Unitat de Detecci\u00f3 i Tractament de Malalties Aterotromb\u00f2tiques amb la qual treballem els projectes de recerca i els de doc\u00e8ncia), tenen una immensa utilitat en la detecci\u00f3 de possibles patologies, especialment les vasculars. L&#8217;inter\u00e8s mostrat per especialistes de diferents hospitals, centres i serveis del pa\u00eds i [&hellip;]<\/p>\n","protected":false},"author":1,"featured_media":0,"parent":0,"menu_order":0,"comment_status":"closed","ping_status":"closed","template":"","meta":{"footnotes":""},"class_list":["post-7399","page","type-page","status-publish","hentry","entry","owp-thumbs-layout-horizontal","owp-btn-normal","owp-tabs-layout-horizontal","has-no-thumbnails","has-product-nav"],"_links":{"self":[{"href":"https:\/\/fjarno.org\/ca\/wp-json\/wp\/v2\/pages\/7399","targetHints":{"allow":["GET"]}}],"collection":[{"href":"https:\/\/fjarno.org\/ca\/wp-json\/wp\/v2\/pages"}],"about":[{"href":"https:\/\/fjarno.org\/ca\/wp-json\/wp\/v2\/types\/page"}],"author":[{"embeddable":true,"href":"https:\/\/fjarno.org\/ca\/wp-json\/wp\/v2\/users\/1"}],"replies":[{"embeddable":true,"href":"https:\/\/fjarno.org\/ca\/wp-json\/wp\/v2\/comments?post=7399"}],"version-history":[{"count":1,"href":"https:\/\/fjarno.org\/ca\/wp-json\/wp\/v2\/pages\/7399\/revisions"}],"predecessor-version":[{"id":7400,"href":"https:\/\/fjarno.org\/ca\/wp-json\/wp\/v2\/pages\/7399\/revisions\/7400"}],"wp:attachment":[{"href":"https:\/\/fjarno.org\/ca\/wp-json\/wp\/v2\/media?parent=7399"}],"curies":[{"name":"wp","href":"https:\/\/api.w.org\/{rel}","templated":true}]}}

<p>Les tècniques de diagnòstic precoç utilitzades a la UDETMA (Unitat de Detecció i Tractament de Malalties Aterotrombòtiques amb la qual treballem els projectes de recerca i els de docència), tenen una immensa utilitat en la detecció de possibles patologies, especialment les vasculars.</p>

<p>L&#8217;interès mostrat per especialistes de diferents hospitals, centres i serveis del país i de l&#8217;estranger per conèixer el maneig d&#8217;aquestes eines diagnòstiques, ens va impulsar a crear un nou departament que possibilités aquesta tasca docent tant a Lleida, instal·lacions UDETMA i facultat de medicina de la Universitat de Lleida, com en diferents centres hospitalaris i entitats de tot el país. A través de cursos i tallers, acreditats pel Consell Català de Formació Continuada de les Professions Sanitàries (CCFCPS) –Comissió de Formació Continuada del Sistema Nacional de Salut (CFC)-, molts especialistes s&#8217;estan beneficiant de l&#8217;aprenentatge d&#8217;aquestes tècniques. </p>

<p><strong>CURSOS I TALLERS REALITZATS</strong></p>

<p><strong>Període 2012</strong></p>

<p>Curs de Captura d&#8217;imatges. Ecografia artèries caròtides i femorals </p>

<p>Lleida 15-17 octubre</p>

<p>Curs Teòric-Pràctic sobre calcificació vascular en el pacient renal</p>

<p>Lleida, 26-27 abril, 7 maig, 17-18 maig, 14-15 juny, Ourense 1-2 juny; Sevilla 8-9</p>

<p>juny; Bilbao 25 juny; Alacant 27 juny; València 28 juny; Màlaga 5 juliol; València 12 juny, 12 setembre.</p>

<p>Curs de diagnòstic precoç de malaltia aterotrombòtica per a especialistes en Medicina Interna</p>

<p>Lleida 12 juny; Las Palmas de Gran Canària 15 setembre; Madrid 22 setembre; Màlaga 20 octubre.</p>

<p>Col·laboració Curs Experts Medicina Vascular i Imatge</p>

<p>Universitat de Lleida, curs 2011-2012.</p>

<p>Curs de Formació en Consulta d&#8217;Infermeria en Salut Vascular en l&#8217;Assistència Primària</p>

<p>Lleida, inici 19 desembre.</p>

<p><strong>Període 2013</strong></p>

<p>Curs Teòric-Pràctic sobre Calcificació Vascular en el pacient renal dirigit a professionals sanitaris</p>

<p>Lleida, març.</p>

<p>Curs Teòric-Pràctic sobre Calcificació Vascular en el pacient renal 2013</p>

<p>Lleida, 22 de maig; 27 de juny; 8 de juliol; 20 de setembre i 22 d&#8217;octubre</p>

<p>Programa de Diagnòstic Precoç de malaltia aterotrombòtica per a especialistes en medicina interna</p>

<p>Lleida, 30 de maig; Màlaga, 6 de juliol; Cadis, 9 de setembre; Badajoz, 14 de setembre; Granada, 18 d&#8217;octubre; Sevilla, 19 d&#8217;octubre; Las Palmas de Gran Canària, 26 d&#8217;octubre i Múrcia, 9 de novembre.</p>

<p>Col·laboració Curs Experts Medicina Vascular i Imatge</p>

<p>Universitat de Lleida, curs 2012-2013.</p>

<p><strong>Període 2014</strong></p>

<p>Curs Teòric-Pràctic sobre complicacions vasculars en el pacient renal.</p>

<p>Lleida 6 i 7 de febrer i Madrid, 23 de maig.</p>

<p>Programa de Diagnòstic Precoç de malaltia aterotrombòtica 2014</p>

<p>Granada, 15 de març; Madrid 29 de març i 24 de maig; Pamplona, 26 d&#8217;abril; Santa Cruz de Tenerife, 17 de maig; València, 7 de juny; Lleida, 13 de juny; Santiago de Compostel·la, 18 d&#8217;octubre; Mèrida, 25 d&#8217;octubre; Múrcia, 8 de novembre;</p>

<p>Curs Teòric-Pràctic sobre Calcificació Vascular en el pacient renal 2014</p>

<p>Màlaga, 27 de juny; Santiago de Compostel·la, 17 d&#8217;octubre; València, 13 de novembre; Bilbao, 24 de novembre.</p>

<p>Col·laboració Curs Experts Medicina Vascular i Imatge</p>

<p>Universitat de Lleida, curs 2013-2014.</p>

<p><strong>Període 2015</strong></p>

<p>Col·laboració Curs Experts Medicina Vascular i Imatge</p>

<p>Universitat de Lleida, curs 2014-2015.</p>

<p>Taller teòric-pràctic de diagnòstic precoç de malaltia aterotrombòtica i calcificacions vasculars</p>

<p>Las Palmas de Gran Canària, 23 de maig; Màlaga, 6 de juny; Cadis, 13 de juny; Còrdova, 20 de juny; Madrid, 17 d&#8217;octubre; Pamplona, 24 d&#8217;octubre; Múrcia 7 de novembre; Sevilla i 14 de novembre.</p>

<p><strong>Període 2016</strong></p>

<p>Taller de calcificacions vasculars</p>

<p>Madrid, 27 de febrer.</p>

<p>Curs teòric-pràctic de diagnòstic precoç de malaltia ateromatosa en pacients amb VIH</p>

<p>Lleida, 11 de març; Madrid, 8 i 22 d&#8217;abril i 6 de maig.</p>

<iframe loading="lazy" width="100%" height="415" src="https://www.youtube.com/embed/er_EtYbXtoU?si=sss0k1fIahDihXEM" title="Reproductor de vídeo de YouTube" frameborder="0" allow="accelerometer; autoplay; clipboard-write; encrypted-media; gyroscope; picture-in-picture; web-share" referrerpolicy="strict-origin-when-cross-origin" allowfullscreen=""></iframe>

<p>Les tècniques de diagnòstic precoç utilitzades a la UDETMA (Unitat de Detecció i Tractament de Malalties Aterotrombòtiques amb la qual treballem els projectes de recerca i els de docència), tenen una immensa utilitat en la detecció de possibles patologies, especialment les vasculars. L&#8217;interès mostrat per especialistes de diferents hospitals, centres i serveis del país i [&hellip;]</p>
