{"id":7386,"date":"2025-10-17T13:04:59","date_gmt":"2025-10-17T13:04:59","guid":{"rendered":"https:\/\/fjarno.org\/atencio\/"},"modified":"2025-10-29T14:35:04","modified_gmt":"2025-10-29T14:35:04","slug":"atencio","status":"publish","type":"page","link":"https:\/\/fjarno.org\/ca\/atencio\/","title":{"rendered":"Atenci\u00f3"},"content":{"rendered":"\n<p>Un dels pilars, objectiu i finalitat m\u00e9s importants per la qual s&#8217;ha creat la Fundaci\u00f3 \u00e9s per la nostra vocaci\u00f3 de servei a les persones. I en especial, a les que pateixen aquesta malaltia cr\u00f2nica que, de forma silenciosa, es fa present en tots els aspectes de la nostra vida. Assessorar i ajudar les persones afectades i les seves fam\u00edlies \u00e9s la ra\u00f3 de ser principal de la nostra tasca. Per facilitar aquesta atenci\u00f3 i que la recepci\u00f3 d&#8217;aquesta arribi a qui la necessita, hem habilitat els serveis de Servei Integral d&#8217;Atenci\u00f3 Social, despla\u00e7ament en di\u00e0lisi, voluntariat social i proves de diagn\u00f2stic.   <a href=\"https:\/\/fjarno.org\/wp-content\/uploads\/2016\/08\/Atencio%CC%81n-Sociosanitaria-a-Personas-Dependientes-de-Instituciones-Sanitarias-Ajustado-al-Certificado-de-Profesionalidad.jpg\"><\/a><\/p>\n\n<figure class=\"wp-block-image size-full\"><img loading=\"lazy\" decoding=\"async\" width=\"1024\" height=\"682\" src=\"https:\/\/fjarno.org\/wp-content\/uploads\/2025\/10\/Atencion-Sociosanitaria-a-Personas-Dependientes-de-Instituciones-Sanitarias-Ajustado-al-Certificado-de-Profesionalidad-1024x682-1.jpg\" alt=\"\" class=\"wp-image-64\" srcset=\"https:\/\/fjarno.org\/wp-content\/uploads\/2025\/10\/Atencion-Sociosanitaria-a-Personas-Dependientes-de-Instituciones-Sanitarias-Ajustado-al-Certificado-de-Profesionalidad-1024x682-1.jpg 1024w, https:\/\/fjarno.org\/wp-content\/uploads\/2025\/10\/Atencion-Sociosanitaria-a-Personas-Dependientes-de-Instituciones-Sanitarias-Ajustado-al-Certificado-de-Profesionalidad-1024x682-1-600x400.jpg 600w, https:\/\/fjarno.org\/wp-content\/uploads\/2025\/10\/Atencion-Sociosanitaria-a-Personas-Dependientes-de-Instituciones-Sanitarias-Ajustado-al-Certificado-de-Profesionalidad-1024x682-1-300x200.jpg 300w, https:\/\/fjarno.org\/wp-content\/uploads\/2025\/10\/Atencion-Sociosanitaria-a-Personas-Dependientes-de-Instituciones-Sanitarias-Ajustado-al-Certificado-de-Profesionalidad-1024x682-1-768x512.jpg 768w\" sizes=\"auto, (max-width: 1024px) 100vw, 1024px\" \/><\/figure>\n","protected":false},"excerpt":{"rendered":"<p>Un dels pilars, objectiu i finalitat m\u00e9s importants per la qual s&#8217;ha creat la Fundaci\u00f3 \u00e9s per la nostra vocaci\u00f3 de servei a les persones. I en especial, a les que pateixen aquesta malaltia cr\u00f2nica que, de forma silenciosa, es fa present en tots els aspectes de la nostra vida. Assessorar i ajudar les persones [&hellip;]<\/p>\n","protected":false},"author":1,"featured_media":0,"parent":0,"menu_order":0,"comment_status":"closed","ping_status":"closed","template":"","meta":{"footnotes":""},"class_list":["post-7386","page","type-page","status-publish","hentry","entry","owp-thumbs-layout-horizontal","owp-btn-normal","owp-tabs-layout-horizontal","has-no-thumbnails","has-product-nav"],"_links":{"self":[{"href":"https:\/\/fjarno.org\/ca\/wp-json\/wp\/v2\/pages\/7386","targetHints":{"allow":["GET"]}}],"collection":[{"href":"https:\/\/fjarno.org\/ca\/wp-json\/wp\/v2\/pages"}],"about":[{"href":"https:\/\/fjarno.org\/ca\/wp-json\/wp\/v2\/types\/page"}],"author":[{"embeddable":true,"href":"https:\/\/fjarno.org\/ca\/wp-json\/wp\/v2\/users\/1"}],"replies":[{"embeddable":true,"href":"https:\/\/fjarno.org\/ca\/wp-json\/wp\/v2\/comments?post=7386"}],"version-history":[{"count":1,"href":"https:\/\/fjarno.org\/ca\/wp-json\/wp\/v2\/pages\/7386\/revisions"}],"predecessor-version":[{"id":7387,"href":"https:\/\/fjarno.org\/ca\/wp-json\/wp\/v2\/pages\/7386\/revisions\/7387"}],"wp:attachment":[{"href":"https:\/\/fjarno.org\/ca\/wp-json\/wp\/v2\/media?parent=7386"}],"curies":[{"name":"wp","href":"https:\/\/api.w.org\/{rel}","templated":true}]}}

Atenció

<p>Un dels pilars, objectiu i finalitat més importants per la qual s&#8217;ha creat la Fundació és per la nostra vocació de servei a les persones. I en especial, a les que pateixen aquesta malaltia crònica que, de forma silenciosa, es fa present en tots els aspectes de la nostra vida. Assessorar i ajudar les persones afectades i les seves famílies és la raó de ser principal de la nostra tasca. Per facilitar aquesta atenció i que la recepció d&#8217;aquesta arribi a qui la necessita, hem habilitat els serveis de Servei Integral d&#8217;Atenció Social, desplaçament en diàlisi, voluntariat social i proves de diagnòstic.   <a href="https://fjarno.org/wp-content/uploads/2016/08/Atencio%CC%81n-Sociosanitaria-a-Personas-Dependientes-de-Instituciones-Sanitarias-Ajustado-al-Certificado-de-Profesionalidad.jpg"></a></p>

<figure class="wp-block-image size-full"><img loading="lazy" decoding="async" width="1024" height="682" src="https://fjarno.org/wp-content/uploads/2025/10/Atencion-Sociosanitaria-a-Personas-Dependientes-de-Instituciones-Sanitarias-Ajustado-al-Certificado-de-Profesionalidad-1024x682-1.jpg" alt="" class="wp-image-64" srcset="https://fjarno.org/wp-content/uploads/2025/10/Atencion-Sociosanitaria-a-Personas-Dependientes-de-Instituciones-Sanitarias-Ajustado-al-Certificado-de-Profesionalidad-1024x682-1.jpg 1024w, https://fjarno.org/wp-content/uploads/2025/10/Atencion-Sociosanitaria-a-Personas-Dependientes-de-Instituciones-Sanitarias-Ajustado-al-Certificado-de-Profesionalidad-1024x682-1-600x400.jpg 600w, https://fjarno.org/wp-content/uploads/2025/10/Atencion-Sociosanitaria-a-Personas-Dependientes-de-Instituciones-Sanitarias-Ajustado-al-Certificado-de-Profesionalidad-1024x682-1-300x200.jpg 300w, https://fjarno.org/wp-content/uploads/2025/10/Atencion-Sociosanitaria-a-Personas-Dependientes-de-Instituciones-Sanitarias-Ajustado-al-Certificado-de-Profesionalidad-1024x682-1-768x512.jpg 768w" sizes="auto, (max-width: 1024px) 100vw, 1024px" /></figure>

<p>Un dels pilars, objectiu i finalitat més importants per la qual s&#8217;ha creat la Fundació és per la nostra vocació de servei a les persones. I en especial, a les que pateixen aquesta malaltia crònica que, de forma silenciosa, es fa present en tots els aspectes de la nostra vida. Assessorar i ajudar les persones [&hellip;]</p>
