{"id":7380,"date":"2025-10-17T13:04:59","date_gmt":"2025-10-17T13:04:59","guid":{"rendered":"https:\/\/fjarno.org\/servei-integral-datencio-social-sias\/"},"modified":"2025-10-29T14:35:04","modified_gmt":"2025-10-29T14:35:04","slug":"servei-integral-datencio-social-sias","status":"publish","type":"page","link":"https:\/\/fjarno.org\/ca\/servei-integral-datencio-social-sias\/","title":{"rendered":"Servei Integral d&#8217;Atenci\u00f3 Social \u2013 SIAS"},"content":{"rendered":"\n<p>La tasca d&#8217;aquest servei, sota la responsabilitat de la treballadora social de la Fundaci\u00f3, consisteix a detectar, analitzar, valorar i avaluar les necessitats d&#8217;aquest col\u00b7lectiu, depenent del tractament que segueixin a causa de la seva malaltia. Despr\u00e9s de con\u00e8ixer la situaci\u00f3 personal i\/o familiar, econ\u00f2mica, laboral i social es fa intervenci\u00f3 amb l&#8217;objectiu de resoldre els problemes derivats de la seva situaci\u00f3 o canalitzar la demanda perqu\u00e8 l&#8217;ajuda pugui venir d&#8217;una font externa. <\/p>\n\n<blockquote class=\"wp-block-quote is-layout-flow wp-block-quote-is-layout-flow\">\n<p><em>El projecte SIAS vol i pot atendre les necessitats d&#8217;atenci\u00f3 social de les persones que pateixen malaltia renal cr\u00f2nica, i els seus familiars.<\/em><\/p>\n<\/blockquote>\n\n<p>Una altra tasca fonamental d&#8217;aquest servei \u00e9s la d&#8217;informar i orientar sobre els recursos i les prestacions institucionals existents i derivar, quan sigui necessari a organismes que tinguin la compet\u00e8ncia corresponent per intervenir en cada cas.<br\/>Amb tot aquest marc d&#8217;actuacions pretenem millorar la qualitat de vida familiar, social i laboral d&#8217;aquest col\u00b7lectiu, prestant ajuda complement\u00e0ria als serveis socials establerts.<\/p>\n\n<h5 class=\"wp-block-heading\">Dades del servei d&#8217;Atenci\u00f3 Psicosocial de 2018<\/h5>\n\n<figure class=\"wp-block-image size-large\"><img loading=\"lazy\" decoding=\"async\" width=\"1024\" height=\"576\" src=\"https:\/\/fjarno.org\/wp-content\/uploads\/2025\/10\/At-Psicosocial-Cast-2018-1024x576.png\" alt=\"\" class=\"wp-image-6229\" srcset=\"https:\/\/fjarno.org\/wp-content\/uploads\/2025\/10\/At-Psicosocial-Cast-2018-1024x576.png 1024w, https:\/\/fjarno.org\/wp-content\/uploads\/2025\/10\/At-Psicosocial-Cast-2018-600x338.png 600w, https:\/\/fjarno.org\/wp-content\/uploads\/2025\/10\/At-Psicosocial-Cast-2018-300x169.png 300w, https:\/\/fjarno.org\/wp-content\/uploads\/2025\/10\/At-Psicosocial-Cast-2018-768x432.png 768w, https:\/\/fjarno.org\/wp-content\/uploads\/2025\/10\/At-Psicosocial-Cast-2018-1536x864.png 1536w, https:\/\/fjarno.org\/wp-content\/uploads\/2025\/10\/At-Psicosocial-Cast-2018-800x450.png 800w, https:\/\/fjarno.org\/wp-content\/uploads\/2025\/10\/At-Psicosocial-Cast-2018.png 1920w\" sizes=\"auto, (max-width: 1024px) 100vw, 1024px\" \/><\/figure>\n\n<h5 class=\"wp-block-heading\">Dades del servei d&#8217;Atenci\u00f3 Psicosocial de 2017<\/h5>\n\n<figure class=\"wp-block-image size-large\"><img loading=\"lazy\" decoding=\"async\" width=\"1024\" height=\"576\" src=\"https:\/\/fjarno.org\/wp-content\/uploads\/2025\/10\/At-PsicoSocial-17-CAST-1024x576.png\" alt=\"\" class=\"wp-image-6228\" srcset=\"https:\/\/fjarno.org\/wp-content\/uploads\/2025\/10\/At-PsicoSocial-17-CAST-1024x576.png 1024w, https:\/\/fjarno.org\/wp-content\/uploads\/2025\/10\/At-PsicoSocial-17-CAST-600x338.png 600w, https:\/\/fjarno.org\/wp-content\/uploads\/2025\/10\/At-PsicoSocial-17-CAST-300x169.png 300w, https:\/\/fjarno.org\/wp-content\/uploads\/2025\/10\/At-PsicoSocial-17-CAST-768x432.png 768w, https:\/\/fjarno.org\/wp-content\/uploads\/2025\/10\/At-PsicoSocial-17-CAST-1536x864.png 1536w, https:\/\/fjarno.org\/wp-content\/uploads\/2025\/10\/At-PsicoSocial-17-CAST-800x450.png 800w, https:\/\/fjarno.org\/wp-content\/uploads\/2025\/10\/At-PsicoSocial-17-CAST.png 1920w\" sizes=\"auto, (max-width: 1024px) 100vw, 1024px\" \/><\/figure>\n\n<h5 class=\"wp-block-heading\">Dades del servei d&#8217;Atenci\u00f3 Psicosocial de 2016<\/h5>\n\n<figure class=\"wp-block-image size-large\"><img loading=\"lazy\" decoding=\"async\" width=\"1024\" height=\"576\" src=\"https:\/\/fjarno.org\/wp-content\/uploads\/2025\/10\/At-PsicoSocial-16-CAST-1024x576.png\" alt=\"\" class=\"wp-image-6227\" srcset=\"https:\/\/fjarno.org\/wp-content\/uploads\/2025\/10\/At-PsicoSocial-16-CAST-1024x576.png 1024w, https:\/\/fjarno.org\/wp-content\/uploads\/2025\/10\/At-PsicoSocial-16-CAST-600x338.png 600w, https:\/\/fjarno.org\/wp-content\/uploads\/2025\/10\/At-PsicoSocial-16-CAST-300x169.png 300w, https:\/\/fjarno.org\/wp-content\/uploads\/2025\/10\/At-PsicoSocial-16-CAST-768x432.png 768w, https:\/\/fjarno.org\/wp-content\/uploads\/2025\/10\/At-PsicoSocial-16-CAST-1536x864.png 1536w, https:\/\/fjarno.org\/wp-content\/uploads\/2025\/10\/At-PsicoSocial-16-CAST-800x450.png 800w, https:\/\/fjarno.org\/wp-content\/uploads\/2025\/10\/At-PsicoSocial-16-CAST.png 1920w\" sizes=\"auto, (max-width: 1024px) 100vw, 1024px\" \/><\/figure>\n","protected":false},"excerpt":{"rendered":"<p>La tasca d&#8217;aquest servei, sota la responsabilitat de la treballadora social de la Fundaci\u00f3, consisteix a detectar, analitzar, valorar i avaluar les necessitats d&#8217;aquest col\u00b7lectiu, depenent del tractament que segueixin a causa de la seva malaltia. Despr\u00e9s de con\u00e8ixer la situaci\u00f3 personal i\/o familiar, econ\u00f2mica, laboral i social es fa intervenci\u00f3 amb l&#8217;objectiu de resoldre [&hellip;]<\/p>\n","protected":false},"author":1,"featured_media":0,"parent":0,"menu_order":0,"comment_status":"closed","ping_status":"closed","template":"","meta":{"footnotes":""},"class_list":["post-7380","page","type-page","status-publish","hentry","entry","owp-thumbs-layout-horizontal","owp-btn-normal","owp-tabs-layout-horizontal","has-no-thumbnails","has-product-nav"],"_links":{"self":[{"href":"https:\/\/fjarno.org\/ca\/wp-json\/wp\/v2\/pages\/7380","targetHints":{"allow":["GET"]}}],"collection":[{"href":"https:\/\/fjarno.org\/ca\/wp-json\/wp\/v2\/pages"}],"about":[{"href":"https:\/\/fjarno.org\/ca\/wp-json\/wp\/v2\/types\/page"}],"author":[{"embeddable":true,"href":"https:\/\/fjarno.org\/ca\/wp-json\/wp\/v2\/users\/1"}],"replies":[{"embeddable":true,"href":"https:\/\/fjarno.org\/ca\/wp-json\/wp\/v2\/comments?post=7380"}],"version-history":[{"count":1,"href":"https:\/\/fjarno.org\/ca\/wp-json\/wp\/v2\/pages\/7380\/revisions"}],"predecessor-version":[{"id":7381,"href":"https:\/\/fjarno.org\/ca\/wp-json\/wp\/v2\/pages\/7380\/revisions\/7381"}],"wp:attachment":[{"href":"https:\/\/fjarno.org\/ca\/wp-json\/wp\/v2\/media?parent=7380"}],"curies":[{"name":"wp","href":"https:\/\/api.w.org\/{rel}","templated":true}]}}

Servei Integral d&#8217;Atenció Social – SIAS

<p>La tasca d&#8217;aquest servei, sota la responsabilitat de la treballadora social de la Fundació, consisteix a detectar, analitzar, valorar i avaluar les necessitats d&#8217;aquest col·lectiu, depenent del tractament que segueixin a causa de la seva malaltia. Després de conèixer la situació personal i/o familiar, econòmica, laboral i social es fa intervenció amb l&#8217;objectiu de resoldre els problemes derivats de la seva situació o canalitzar la demanda perquè l&#8217;ajuda pugui venir d&#8217;una font externa. </p>

<blockquote class="wp-block-quote is-layout-flow wp-block-quote-is-layout-flow">
<p><em>El projecte SIAS vol i pot atendre les necessitats d&#8217;atenció social de les persones que pateixen malaltia renal crònica, i els seus familiars.</em></p>
</blockquote>

<p>Una altra tasca fonamental d&#8217;aquest servei és la d&#8217;informar i orientar sobre els recursos i les prestacions institucionals existents i derivar, quan sigui necessari a organismes que tinguin la competència corresponent per intervenir en cada cas.<br/>Amb tot aquest marc d&#8217;actuacions pretenem millorar la qualitat de vida familiar, social i laboral d&#8217;aquest col·lectiu, prestant ajuda complementària als serveis socials establerts.</p>

<h5 class="wp-block-heading">Dades del servei d&#8217;Atenció Psicosocial de 2018</h5>

<figure class="wp-block-image size-large"><img loading="lazy" decoding="async" width="1024" height="576" src="https://fjarno.org/wp-content/uploads/2025/10/At-Psicosocial-Cast-2018-1024x576.png" alt="" class="wp-image-6229" srcset="https://fjarno.org/wp-content/uploads/2025/10/At-Psicosocial-Cast-2018-1024x576.png 1024w, https://fjarno.org/wp-content/uploads/2025/10/At-Psicosocial-Cast-2018-600x338.png 600w, https://fjarno.org/wp-content/uploads/2025/10/At-Psicosocial-Cast-2018-300x169.png 300w, https://fjarno.org/wp-content/uploads/2025/10/At-Psicosocial-Cast-2018-768x432.png 768w, https://fjarno.org/wp-content/uploads/2025/10/At-Psicosocial-Cast-2018-1536x864.png 1536w, https://fjarno.org/wp-content/uploads/2025/10/At-Psicosocial-Cast-2018-800x450.png 800w, https://fjarno.org/wp-content/uploads/2025/10/At-Psicosocial-Cast-2018.png 1920w" sizes="auto, (max-width: 1024px) 100vw, 1024px" /></figure>

<h5 class="wp-block-heading">Dades del servei d&#8217;Atenció Psicosocial de 2017</h5>

<figure class="wp-block-image size-large"><img loading="lazy" decoding="async" width="1024" height="576" src="https://fjarno.org/wp-content/uploads/2025/10/At-PsicoSocial-17-CAST-1024x576.png" alt="" class="wp-image-6228" srcset="https://fjarno.org/wp-content/uploads/2025/10/At-PsicoSocial-17-CAST-1024x576.png 1024w, https://fjarno.org/wp-content/uploads/2025/10/At-PsicoSocial-17-CAST-600x338.png 600w, https://fjarno.org/wp-content/uploads/2025/10/At-PsicoSocial-17-CAST-300x169.png 300w, https://fjarno.org/wp-content/uploads/2025/10/At-PsicoSocial-17-CAST-768x432.png 768w, https://fjarno.org/wp-content/uploads/2025/10/At-PsicoSocial-17-CAST-1536x864.png 1536w, https://fjarno.org/wp-content/uploads/2025/10/At-PsicoSocial-17-CAST-800x450.png 800w, https://fjarno.org/wp-content/uploads/2025/10/At-PsicoSocial-17-CAST.png 1920w" sizes="auto, (max-width: 1024px) 100vw, 1024px" /></figure>

<h5 class="wp-block-heading">Dades del servei d&#8217;Atenció Psicosocial de 2016</h5>

<figure class="wp-block-image size-large"><img loading="lazy" decoding="async" width="1024" height="576" src="https://fjarno.org/wp-content/uploads/2025/10/At-PsicoSocial-16-CAST-1024x576.png" alt="" class="wp-image-6227" srcset="https://fjarno.org/wp-content/uploads/2025/10/At-PsicoSocial-16-CAST-1024x576.png 1024w, https://fjarno.org/wp-content/uploads/2025/10/At-PsicoSocial-16-CAST-600x338.png 600w, https://fjarno.org/wp-content/uploads/2025/10/At-PsicoSocial-16-CAST-300x169.png 300w, https://fjarno.org/wp-content/uploads/2025/10/At-PsicoSocial-16-CAST-768x432.png 768w, https://fjarno.org/wp-content/uploads/2025/10/At-PsicoSocial-16-CAST-1536x864.png 1536w, https://fjarno.org/wp-content/uploads/2025/10/At-PsicoSocial-16-CAST-800x450.png 800w, https://fjarno.org/wp-content/uploads/2025/10/At-PsicoSocial-16-CAST.png 1920w" sizes="auto, (max-width: 1024px) 100vw, 1024px" /></figure>

<p>La tasca d&#8217;aquest servei, sota la responsabilitat de la treballadora social de la Fundació, consisteix a detectar, analitzar, valorar i avaluar les necessitats d&#8217;aquest col·lectiu, depenent del tractament que segueixin a causa de la seva malaltia. Després de conèixer la situació personal i/o familiar, econòmica, laboral i social es fa intervenció amb l&#8217;objectiu de resoldre [&hellip;]</p>
